Is 19373 composite?
False
Is 477247 a composite number?
True
Is 1628615 prime?
False
Is 24967 a composite number?
False
Is 91027 a prime number?
False
Is 30215 a prime number?
False
Is 509 composite?
False
Is 53687 a composite number?
True
Is 923369 prime?
True
Is 33149 prime?
True
Is 306121 a composite number?
False
Is 55103 a composite number?
False
Is 21829 prime?
False
Is 24773 prime?
False
Is 25589 composite?
False
Is 3984261 a composite number?
True
Is 22499 a composite number?
True
Is 10427 a prime number?
True
Is 610187 a prime number?
True
Is 23707 a prime number?
False
Is 1801 a composite number?
False
Is 26591 a composite number?
False
Is 49003 prime?
True
Is 3569 prime?
False
Is 1151 composite?
False
Is 5433 a composite number?
True
Is 6499 a composite number?
True
Is 50734 a composite number?
True
Is 84919 a prime number?
True
Is 838 a composite number?
True
Is 33227 prime?
False
Is 1071563 a composite number?
False
Is 86813 a composite number?
False
Is 100151 composite?
False
Is 84901 a composite number?
True
Is 49727 a composite number?
False
Is 249313 a composite number?
True
Is 2383 composite?
False
Is 303959 a composite number?
False
Is 51601 prime?
False
Is 73574 prime?
False
Is 75239 a composite number?
False
Is 53255 prime?
False
Is 460555 a composite number?
True
Is 4406 a composite number?
True
Is 33049 prime?
True
Is 9923 a composite number?
False
Is 110597 prime?
True
Is 4091 a prime number?
True
Is 327229 a composite number?
True
Is 3151 composite?
True
Is 2767 a composite number?
False
Is 30131 composite?
True
Is 1027913 a composite number?
True
Is 2126087 prime?
True
Is 40601 prime?
False
Is 32257 composite?
False
Is 3037 prime?
True
Is 22049 prime?
False
Is 329233 a composite number?
False
Is 307 a composite number?
False
Is 68369 composite?
True
Is 11273 a composite number?
False
Is 1402613 composite?
True
Is 449 composite?
False
Is 4861 composite?
False
Is 3043 prime?
False
Is 3163 a prime number?
True
Is 133141 a prime number?
False
Is 73183 a prime number?
False
Is 4031 prime?
False
Is 310495 a composite number?
True
Is 6631 prime?
False
Is 6389 prime?
True
Is 99649 a prime number?
False
Is 1249799 composite?
False
Is 355633 a prime number?
True
Is 62921 a prime number?
True
Is 384994 composite?
True
Is 515855 prime?
False
Is 1901 prime?
True
Is 38261 composite?
False
Is 80515 a prime number?
False
Is 163061 prime?
True
Is 524323 composite?
True
Is 662421 prime?
False
Is 346 composite?
True
Is 6353 prime?
True
Is 60887 a composite number?
False
Is 142421 a prime number?
True
Is 230171 prime?
False
Is 20563 prime?
True
Is 9479609 a composite number?
False
Is 5951 prime?
False
Is 6973 prime?
False
Is 19249 prime?
True
Is 7591 a composite number?
False
Is 31099 composite?
True
Is 2631887 composite?
False
Is 83113 a composite number?
True
Is 48971 composite?
True
Is 4171 prime?
False
Is 1279 prime?
True
Is 19289 composite?
False
Is 7543 prime?
False
Is 93157 a prime number?
False
Is 18583 prime?
True
Is 9355 prime?
False
Is 62437 a composite number?
True
Is 13235 composite?
True
Is 195658 a composite number?
True
Is 25819 a composite number?
False
Is 16013 composite?
True
Is 11017 composite?
True
Is 120847 a composite number?
False
Is 123817 a composite number?
False
Is 2062371 a composite number?
True
Is 11203 prime?
False
Is 287291 a prime number?
True
Is 15107 a composite number?
False
Is 99403 prime?
False
Is 2463 a composite number?
True
Is 21839 prime?
True
Is 24487 a composite number?
True
Is 889 composite?
True
Is 22519 prime?
False
Is 222657 a prime number?
False
Is 5189 prime?
True
Is 660367 a composite number?
False
Is 88391 composite?
True
Is 403483 a composite number?
False
Is 9209 composite?
False
Is 1197307 composite?
False
Is 27785 a composite number?
True
Is 2999 prime?
True
Is 511 a prime number?
False
Is 356647 a prime number?
True
Is 497767 a prime number?
False
Is 8158 a prime number?
False
Is 25859 a prime number?
False
Is 160079 a prime number?
True
Is 9533 prime?
True
Is 3223 a prime number?
False
Is 2179 prime?
True
Is 112543 a composite number?
False
Is 6442 a prime number?
False
Is 4161857 prime?
False
Is 85991 a prime number?
True
Is 151777 composite?
True
Is 13097 a composite number?
True
Is 81967 a prime number?
True
Is 111 prime?
False
Is 1171 composite?
False
Is 9233 prime?
False
Is 3291 a composite number?
True
Is 86711 prime?
True
Is 16495 composite?
True
Is 44923 prime?
False
Is 46381 a composite number?
False
Is 723353 a prime number?
True
Is 28643 composite?
False
Is 7831 composite?
True
Is 58 prime?
False
Is 101435 a prime number?
False
Is 54989 composite?
True
Is 76907 composite?
False
Is 143801 a prime number?
False
Is 463613 a prime number?
True
Is 18961 a prime number?
False
Is 16729 prime?
True
Is 56431 a prime number?
True
Is 1657 a prime number?
True
Is 28907 a composite number?
True
Is 7697 a prime number?
False
Is 185 composite?
True
Is 1437499 composite?
True
Is 123374 prime?
False
Is 143693 a prime number?
False
Is 33805 composite?
True
Is 83081 prime?
False
Is 33109 composite?
True
Is 119213 composite?
True
Is 43117 composite?
False
Is 8441 a prime number?
False
Is 28349 a prime number?
True
Is 124087 a prime number?
True
Is 510793 composite?
False
Is 142633 a composite number?
True
Is 179749 a composite number?
False
Is 12319 composite?
True
Is 7981 a composite number?
True
Is 64871 a prime number?
True
Is 97897 composite?
True
Is 42631 prime?
False
Is 12829 a composite number?
False
Is 10303 a composite number?
False
Is 92821 prime?
True
Is 33295 prime?
False
Is 596143 a composite number?
False
Is 48835 a composite number?
True
Is 75203 a prime number?
False
Is 89179 a composite number?
True
Is 763 a prime number?
False
Is 538331 a prime number?
True
Is 6941 composite?
True
Is 427369 prime?
True
Is 86861 a composite number?
False
Is 11791 composite?
True
Is 9871 prime?
True
Is 5021 composite?
False
Is 18839 a prime number?
True
Is 401189 a prime number?
False
Is 707849 a composite number?
False
Is 26821 a prime number?
True
Is 40927 composite?
False
Is 3163 composite?
False
Is 496609 a composite number?
False
Is 1054457 a composite number?
False
Is 330323 composite?
True
Is 9287 a composite number?
True
Is 245503 a prime number?
False
Is 3255853 a prime number?
True
Is 1850887 a prime number?
True
Is 481885 composite?
True
Is 3014363 prime?
False
Is 6081 composite?
True
Is 45007 composite?
False
Is 667 a prime number?
False
Is 113501 a prime number?
True
Is 97 prime?
True
Is 121039 composite?
False
Is 141353 a composite number?
False
Is 921199 a composite number?
False
Is 4330849 prime?
False
Is 546603 composite?
True
Is 42433 a composite number?
False
Is 388601 composite?
True
Is 19417 a prime number?
True
Is 1406287 a composite number?
True
Is 304127 a prime number?
True
Is 63977 composite?
False
Is 8663 a composite number?
False
Is 54889 composite?
True
Is 197939 composite?
True
Is 6017 composite?
True
Is 3293 composite?
True
Is 2099 composite?
False
Is 567961 a composite number?
False
Is 19903 prime?
False
Is 31 a prime number?
True
Is 139193 composite?
True
Is 159059 a composite number?
False
Is 8735 prime?
False
Is 42157 a composite number?
False
Is 661741 prime?
True
Is 2096507 prime?
False
Is 5381 a prime number?
True
Is 17735 prime?
False
Is 94513 composite?
False
Is 405947 a composite number?
False
Is 1259 prime?
True
Is 151279 a prime number?
True
Is 896717 prime?
True
Is 1099 prime?
False
Is 6769 a composite number?
True
Is 11533 a composite number?
True
Is 541003 a prime number?
False
Is 3457 composite?
False
Is 190109 composite?
True
Is 81611 a composite number?
False
Is 1617127 a composite number?
True
Is 3983 a prime number?
False
Is 2010677 prime?
True
Is 1915 prime?
False
Is 8467 composite?
False
Is 4499 a composite number?
True
Is 201673 composite?
False
Is 6787 a composite number?
True
Is 216569 prime?
True
Is 46106 prime?
False
Is 2005613 a composite number?
False
Is 22207 prime?
False
Is 490279 a prime number?
False
Is 239023 a composite number?
False
Is 5493 a prime number?
False
Is 161831 prime?
True
Is 78721 composite?
False
Is 1742477 composite?
True
Is 727853 composite?
True
Is 71871 composite?
True
Is 6139 composite?
True
Is 84047 